**2 - 20 + 8*d. What is the tens digit of f(-6)?
8
Suppose i = 5*b - 3*i - 1520, 4*i = -b + 328. Let c = 82 + b. What is the tens digit of c?
9
Let s(y) be the second derivative of -y**4/6 + 7*y**3/2 + 13*y**2/2 + 245*y. What is the tens digit of s(10)?
2
Suppose -b - l = -24273, 5*b + 4483 = l + 125872. What is the units digit of b?
7
Let x = 12220 + 24856. What is the thousands digit of x?
7
Let s = -473 - -473. Suppose s = 205*w - 208*w + 105. What is the tens digit of w?
3
Suppose 34888 = 68*m - 12*m. What is the hundreds digit of m?
6
Suppose -57*g = -55*g + 2*h - 6452, -h - 16106 = -5*g. What is the tens digit of g?
2
Let f = 41650 + -14132. What is the units digit of f?
8
Suppose -81*h + 153 = -78*h. Let y = h - -4. What is the units digit of y?
5
Let y(i) = -2109*i**3 - 28*i**2 - 15*i + 4. What is the ten thousands digit of y(-2)?
1
Suppose 265 = 7*m - 2*m. Suppose m*y - 3123 = 50*y. What is the units digit of y?
1
Let o(j) = 116*j**2 + 181*j - 27. What is the hundreds digit of o(5)?
7
Let z = -21026 + 33571. What is the tens digit of z?
4
Suppose 6*q = -7575 + 1341. Let p = 1600 + q. What is the hundreds digit of p?
5
Let u(x) = -8*x + 155. Let r be u(17). Suppose r*n = 20*n - h - 992, h - 1972 = -2*n. What is the tens digit of n?
8
Suppose 4*g = 9*g - 25. Suppose -115*p + 4244 = -112*p + 4*d, 5*d = g*p - 7120. What is the hundreds digit of p?
4
Let d be (3/(-1) - -2)/((-1)/11). What is the units digit of ((-78)/8)/(d/(-528))?
8
Suppose -3*w - 5*n = -13224, -17632 = 8*w - 12*w + 5*n. What is the thousands digit of w?
4
Suppose -25*i - 1289115 = -132*i - 28*i. What is the units digit of i?
9
Suppose 0 = -c + 3 - 9. Let b(q) = 12*q**2 + 14*q - 20. What is the units digit of b(c)?
8
Let m(y) = 6*y + 52. Let s be m(-11). Let x = 171 + s. What is the tens digit of x?
5
Let j be ((-4 - -1) + (-14)/(-6))*27. Let d be j/117 + 830/(-13). Let r = d - -103. What is the tens digit of r?
3
Suppose 2*m - 2*v - 34 = 0, 2*m + 0*v - 36 = 3*v. Suppose 1536 = m*t + 9*t. What is the units digit of t?
4
Suppose 133*k + 25389 = 5*y + 134*k, 4*y - k - 20304 = 0. What is the units digit of y?
7
Let s be (-4)/38 - (-1680)/1520. Let z(c) = 738*c + 19. What is the hundreds digit of z(s)?
7
Let n be 203/49 - 2/14. What is the units digit of ((-562)/n)/(6/(-12))?
1
Let x(v) = 308*v**3 - 2*v**2 - 2*v + 13. What is the units digit of x(3)?
5
What is the units digit of -4*(-8 - 430/(-40)) + 30521?
0
What is the ten thousands digit of 50/(-5)*(-2 - 90/(-16))*-424?
1
Suppose 344*d - 964614 = 293*d. What is the units digit of d?
4
Let k(x) = -x**3 + 8*x**2 - 5*x + 8. Let a be k(7). Suppose -v + a = 3*u, -3*v - 3*u + 35 = -v. Let c = -7 + v. What is the units digit of c?
6
Let n(s) = 2*s**3 + 3*s - 1. Let u be n(5). Suppose -u = 406*w - 407*w. What is the hundreds digit of w?
2
Let c(g) = 68*g**2 + 13*g + 2. Let v(b) = -136*b**2 - 26*b - 5. Let r(h) = 13*c(h) + 6*v(h). What is the hundreds digit of r(-3)?
5
Let p(a) = -11*a**2 + 3*a + 49. Let q be p(-5). What is the units digit of (-1 - q/(-5))/((-4)/20)?
6
What is the thousands digit of (-54842)/(-18) + (-4)/(-18)?
3
Let m(v) = -8*v**3 - 2*v**2 - 4*v - 8. Let x(k) = k**2 - 14*k + 21. Let a be x(12). What is the tens digit of m(a)?
0
What is the hundreds digit of (-58*20/(-580))/(-3*2/(-101451))?
8
Let t(l) = -l**3 + 5*l**2 + 2. Let x(j) = j**2 + 18*j + 5. Let v be x(-18). Let u be t(v). Suppose -11 = -u*k + 21. What is the units digit of k?
6
Let y = 1 + -1. Let i be (-1)/(y + 3/(-6)). What is the units digit of (-4)/(-4) + 125 + (i - 0)?
8
Suppose 19*j = 238702 + 285983. What is the ten thousands digit of j?
2
Suppose -g + 2*g = 1, 0 = -5*v + 5*g - 3445. Let m = -431 - v. What is the tens digit of m?
5
Suppose 5*d + 36*h = 40*h + 52309, -10445 = -d + 5*h. What is the tens digit of d?
6
Let g = 2806 - -1979. What is the hundreds digit of (-7)/(-21) + 5 + g/9?
5
Let d(b) = 1189 + 1286 - b + 5*b - 2326 + 6*b. What is the tens digit of d(-8)?
6
Suppose -4*q = -4*m + 51 - 247, -3*q = 2*m - 137. Suppose -15 = -f + q. Let x = f + -44. What is the tens digit of x?
1
Let m be (-1032)/36*3/(-2). Suppose 2*l - m = -3*s, 4*s - 2 = 2. What is the tens digit of l/6*(-36)/(-10)?
1
Let r(n) = -7*n + 1. Let m be r(-6). Let g(p) = -27*p + 141. Let v be g(5). Let l = m - v. What is the tens digit of l?
3
Let y(c) be the second derivative of -3*c**4/4 + 67*c**3/2 + 10*c**2 - 21*c + 2. What is the units digit of y(19)?
0
Let d = 413 + -401. What is the hundreds digit of 13 + -21 + d - 451/(-1)?
4
Let f = -200 - -205. Suppose 2*r - j = -4*j + 55, f*j = -r + 38. What is the tens digit of r?
2
What is the units digit of 24159/3 + 2 - 14/(-7)?
7
Let s(k) = k - 15. Let c be s(-3). Let q be (-180)/c*2/4. Suppose q*b = 414 + 16. What is the units digit of b?
6
Suppose 5*s + 627 = 2*k, 555 = 2*k - 3*s - 66. Suppose -9*x + 8*x = -k. What is the hundreds digit of x?
3
Let q = -35 + 41. Let n = q + -14. Let v(r) = -r**3 - 7*r**2 + 7*r + 8. What is the tens digit of v(n)?
1
Let d be -109 + 0/(4/(-4)). Let c = 293 + d. Suppose 0 = 3*p - 607 + c. What is the tens digit of p?
4
Let n(v) be the third derivative of 2*v**5/15 - v**4/4 + 7*v**3/6 - 2*v**2 - 27. Let p = 13 + -9. What is the tens digit of n(p)?
1
Let f = 463 - -10848. What is the thousands digit of f?
1
Suppose 4*n - 3 = p + 9, p - 24 = -5*n. Suppose 3*s + p*v = s + 584, -1 = v. What is the tens digit of s?
9
Let r(d) = -11*d + 21. Let y be r(7). Let x = y - -58. Suppose -2*j + 226 = 7*b - x*b, -5*j + 147 = 3*b. What is the units digit of b?
4
Let w(j) be the second derivative of -149*j**3/2 + 11*j**2 + 71*j. What is the units digit of w(-2)?
6
Let j be 4/(-18) + 352/(-36). Let l(i) = -i**2 - 12*i + 4. Let o be l(j). Let r = o + 11. What is the tens digit of r?
3
Let x = 385 + -375. Suppose -5*l = -240 - 160. Suppose m - l = -3*v, -3*v - 1 = -x. What is the tens digit of m?
7
Suppose -4*m - 4 = 2*i, 2*m + 2 = -3*i - 0. Suppose 2*p - 82 = -4*c, 3*p + 5*c + 31 - 154 = i. Let k = 49 - p. What is the units digit of k?
8
Suppose -318 = -8*a + 1746. Let p = a + -252. What is the units digit of p?
6
Let t be ((-16)/(-4))/(-8)*-18. Let w be t/15*10/2. Suppose 0 = -4*q - w*r + 89, 62 = 2*q - 2*r - 0*r. What is the tens digit of q?
2
Suppose 4*x - 151647 = -16799. Suppose -57*p + 28361 + x = 0. What is the tens digit of p?
8
Let l = 4080 + -2798. What is the tens digit of l?
8
Let g(j) be the second derivative of 139*j**4/4 + j**3/3 - j**2 + 2*j + 2. What is the units digit of g(-1)?
3
Let q(w) = 962*w + 1. Let b be q(2). Suppose b = 29*k + 707. What is the units digit of k?
2
Suppose 57709 + 37179 = 29*x. What is the tens digit of x?
7
Let r be ((-17)/3)/(4/204). Suppose -5*k + 2157 = -3*w, -9*k + 10*k - 427 = 5*w. Let f = r + k. What is the tens digit of f?
4
Let d be 2 - -2*6/12. Suppose -y - 1177 = -2*m - 119, 4*m - d*y = 2118. What is the hundreds digit of m?
5
Let r(w) = 545*w**2 - 199*w - 2. What is the units digit of r(-8)?
0
Let o be 84/42 + 3*335. Let n = 1425 - o. What is the units digit of n?
8
Let l(c) = c**3 - 27*c**2 + 17*c + 99. Let w be l(26). Let t = -33 + 19. Let p = t - w. What is the hundreds digit of p?
1
Suppose -6*w + 405 = 2*k - w, 955 = 5*k + w. Suppose 8*l - 13*l = -k. Suppose l = r - 93. What is the hundreds digit of r?
1
Let f(i) be the second derivative of -22*i**3/3 - 41*i**2/2 + 18*i. What is the hundreds digit of f(-10)?
3
Let o = -34 - -42. Suppose -g + o = -3*g. What is the units digit of g/(-2) + 42/14?
5
Let s be -2 - 5/(25/995). What is the units digit of ((570/(-9))/(-19))/((-1)/s)?
0
Let r = -1750 + 2472. Suppose r = y + 164. Suppose -g = -1 + 3, -4*n + y = -g. What is the hundreds digit of n?
1
Suppose 4*d - 36 = r + 48, 3*r = 4*d - 76. Let t(v) = v**2 - 21*v - 27. Let c be t(d). Let s = 29 - c. What is the tens digit of s?
3
Let k(r) = 37*r**3 - r**2 + r + 2. Let n be k(-1). What is the units digit of 150/7*(-1554)/n?
0
Let f(c) = -8*c + 18. Let r be f(-3). Suppose -167 = -5*o - r. Suppose 3*z = 5*g + 409, g = -4*g - o. What is the units digit of z?
8
Let l be 4 - (-9)/(-3) - (3 + 0). Let p be 0*(-2 - 6/l)/(-1). Suppose -3*s = 2*k - 102, -k + 2*k + 2*s - 49 = p. What is the units digit of k?
7
Suppose -891243 = n - 10*n - 18*n. What is the hundreds digit o